{"id":718,"date":"2026-03-10T08:34:13","date_gmt":"2026-03-10T08:34:13","guid":{"rendered":"https:\/\/phsociopolis.usm.md\/?page_id=718"},"modified":"2026-03-10T08:34:13","modified_gmt":"2026-03-10T08:34:13","slug":"etica-publicarii","status":"publish","type":"page","link":"https:\/\/phsociopolis.usm.md\/index.php\/etica-publicarii\/?lang=en","title":{"rendered":"Etica public\u0103rii"},"content":{"rendered":"<p><strong>Declara\u021bie privind Open Access Statement \u0219i Licen\u021b\u0103<\/strong><br \/>\nRevista de Filozofie, Sociologie \u0219i \u0218tiin\u021be Politice aplic\u0103 principiile modelului de Open Access, asigur\u00e2nd accesul liber, imediat \u0219i gratuit la toate articolele publicate. Revista sus\u021bine diseminarea larg\u0103 a cunoa\u0219terii \u0219tiin\u021bifice \u0219i promovarea schimbului academic \u00een domeniile filozofiei, sociologiei \u0219i \u0219tiin\u021belor politice.<\/p>\n<p>Toate articolele publicate \u00een revist\u0103 sunt disponibile online f\u0103r\u0103 restric\u021bii de acces, taxe de abonament sau bariere institu\u021bionale. Cititorii au dreptul de a citi, desc\u0103rca, copia, distribui, tip\u0103ri sau utiliza articolele \u00een scopuri academice \u0219i de cercetare, cu condi\u021bia men\u021bion\u0103rii corespunz\u0103toare a autorilor \u0219i a sursei originale de publicare.<\/p>\n<p>Con\u021binutul revistei este publicat sub licen\u021ba Creative Commons Attribution 4.0 International, care permite utilizarea, distribuirea \u0219i adaptarea materialului \u00een orice mediu sau format, inclusiv \u00een scopuri comerciale, cu condi\u021bia acord\u0103rii creditului corespunz\u0103tor autorului\/autorilor \u0219i indic\u0103rii sursei de publicare.<\/p>\n<p>Autorii \u00ee\u0219i p\u0103streaz\u0103 drepturile de autor asupra lucr\u0103rilor publicate \u0219i acord\u0103 revistei dreptul de prim\u0103 publicare. Revista respect\u0103 standardele interna\u021bionale de etic\u0103 a public\u0103rii \u0219i transparen\u021b\u0103 editorial\u0103, inclusiv recomand\u0103rile formulate de Committee on Publication Ethics.<\/p>\n<p>Prin adoptarea modelului de acces deschis, revista contribuie la facilitarea accesului liber la rezultatele cercet\u0103rii \u0219tiin\u021bifice \u0219i la consolidarea unei comunit\u0103\u021bi academice bazate pe colaborare, transparen\u021b\u0103 \u0219i schimb liber de cuno\u0219tin\u021be.<\/p>\n","protected":false},"excerpt":{"rendered":"<p>Declara\u021bie privind Open Access Statement \u0219i Licen\u021b\u0103 Revista de Filozofie, Sociologie \u0219i \u0218tiin\u021be Politice aplic\u0103 principiile modelului de Open Access, asigur\u00e2nd accesul liber, imediat \u0219i gratuit la toate articolele publicate. Revista sus\u021bine diseminarea larg\u0103 a cunoa\u0219terii \u0219tiin\u021bifice \u0219i promovarea schimbului academic \u00een domeniile filozofiei, sociologiei \u0219i \u0219tiin\u021belor politice. Toate articolele publicate \u00een revist\u0103 sunt disponibile&hellip; <br \/> <a class=\"read-more\" href=\"https:\/\/phsociopolis.usm.md\/index.php\/etica-publicarii\/?lang=en\">Read more<\/a><\/p>\n","protected":false},"author":1,"featured_media":0,"parent":0,"menu_order":0,"comment_status":"closed","ping_status":"closed","template":"","meta":{"_acf_changed":false,"footnotes":""},"class_list":["post-718","page","type-page","status-publish","hentry"],"acf":[],"rttpg_featured_image_url":null,"rttpg_author":{"display_name":"pj1ney","author_link":"https:\/\/phsociopolis.usm.md\/index.php\/author\/pj1ney\/?lang=en"},"rttpg_comment":0,"rttpg_category":null,"rttpg_excerpt":"Declara\u021bie privind Open Access Statement \u0219i Licen\u021b\u0103 Revista de Filozofie, Sociologie \u0219i \u0218tiin\u021be Politice aplic\u0103 principiile modelului de Open Access, asigur\u00e2nd accesul liber, imediat \u0219i gratuit la toate articolele publicate. Revista sus\u021bine diseminarea larg\u0103 a cunoa\u0219terii \u0219tiin\u021bifice \u0219i promovarea schimbului academic \u00een domeniile filozofiei, sociologiei \u0219i \u0219tiin\u021belor politice. Toate articolele publicate \u00een revist\u0103 sunt disponibile&hellip;&hellip;","_links":{"self":[{"href":"https:\/\/phsociopolis.usm.md\/index.php\/wp-json\/wp\/v2\/pages\/718","targetHints":{"allow":["GET"]}}],"collection":[{"href":"https:\/\/phsociopolis.usm.md\/index.php\/wp-json\/wp\/v2\/pages"}],"about":[{"href":"https:\/\/phsociopolis.usm.md\/index.php\/wp-json\/wp\/v2\/types\/page"}],"author":[{"embeddable":true,"href":"https:\/\/phsociopolis.usm.md\/index.php\/wp-json\/wp\/v2\/users\/1"}],"replies":[{"embeddable":true,"href":"https:\/\/phsociopolis.usm.md\/index.php\/wp-json\/wp\/v2\/comments?post=718"}],"version-history":[{"count":1,"href":"https:\/\/phsociopolis.usm.md\/index.php\/wp-json\/wp\/v2\/pages\/718\/revisions"}],"predecessor-version":[{"id":719,"href":"https:\/\/phsociopolis.usm.md\/index.php\/wp-json\/wp\/v2\/pages\/718\/revisions\/719"}],"wp:attachment":[{"href":"https:\/\/phsociopolis.usm.md\/index.php\/wp-json\/wp\/v2\/media?parent=718"}],"curies":[{"name":"wp","href":"https:\/\/api.w.org\/{rel}","templated":true}]}}